{"id":6918,"date":"2023-01-24T15:52:25","date_gmt":"2023-01-24T15:52:25","guid":{"rendered":"https:\/\/www.rjtc.lv\/?page_id=6918"},"modified":"2024-08-13T13:12:39","modified_gmt":"2024-08-13T13:12:39","slug":"zoologijas-pulcins-dabas-draugi-2","status":"publish","type":"page","link":"https:\/\/www.rjtc.lv\/?page_id=6918","title":{"rendered":"Zoolo\u0123ijas pulci\u0146\u0161 &#8220;Dabas draugi&#8221;"},"content":{"rendered":"\n<p>Skolot\u0101js:<strong> Guna Bagrade<\/strong><\/p>\n\n\n\n<p>Nodarb\u012bb\u0101s audz\u0113k\u0146i var\u0113s:&nbsp;<\/p>\n\n\n\n<ul class=\"wp-block-list\">\n<li>izzin\u0101t dz\u012bvnieku pasaules daudzveid\u012bbu un izprast t\u0101s likumsakar\u012bbas;&nbsp;&nbsp;<\/li>\n\n\n\n<li>m\u0101c\u012bties saudz\u0113t, iem\u012bl\u0113t un nov\u0113rt\u0113t dabu;&nbsp;<\/li>\n\n\n\n<li>veikt praktiskus un rado\u0161us darbus;&nbsp;<\/li>\n\n\n\n<li>doties ekskursij\u0101s un piedal\u012bties da\u017e\u0101dos pas\u0101kumos.&nbsp;<\/li>\n<\/ul>\n\n\n\n<p>Uz\u0146em dal\u012bbniekus no <strong>7 &#8211; 11 gadiem<\/strong><\/p>\n\n\n\n<p>Nodarb\u012bbas notiek <strong>RJTC DS Latvijas Nacion\u0101laj\u0101 dabas muzej\u0101, K. Barona iel\u0101 4<\/strong><\/p>\n\n\n\n<figure class=\"wp-block-image size-large\"><a href=\"https:\/\/www.rjtc.lv\/wp-content\/uploads\/2023\/01\/ZooPulcins_Dabasdraugi_5-scaled.jpg\"><img loading=\"lazy\" decoding=\"async\" width=\"1024\" height=\"768\" src=\"https:\/\/www.rjtc.lv\/wp-content\/uploads\/2023\/01\/ZooPulcins_Dabasdraugi_5-1024x768.jpg\" alt=\"\" class=\"wp-image-6917\" srcset=\"https:\/\/www.rjtc.lv\/wp-content\/uploads\/2023\/01\/ZooPulcins_Dabasdraugi_5-1024x768.jpg 1024w, https:\/\/www.rjtc.lv\/wp-content\/uploads\/2023\/01\/ZooPulcins_Dabasdraugi_5-300x225.jpg 300w, https:\/\/www.rjtc.lv\/wp-content\/uploads\/2023\/01\/ZooPulcins_Dabasdraugi_5-768x576.jpg 768w, https:\/\/www.rjtc.lv\/wp-content\/uploads\/2023\/01\/ZooPulcins_Dabasdraugi_5-1536x1152.jpg 1536w, https:\/\/www.rjtc.lv\/wp-content\/uploads\/2023\/01\/ZooPulcins_Dabasdraugi_5-2048x1536.jpg 2048w\" sizes=\"auto, (max-width: 1024px) 100vw, 1024px\" \/><\/a><\/figure>\n\n\n\n<p> Pieteik\u0161an\u0101s nodarb\u012bb\u0101m &#8211; <strong>gbagrade@edu.riga.lv<\/strong><\/p>\n","protected":false},"excerpt":{"rendered":"<p>Skolot\u0101js: Guna Bagrade Nodarb\u012bb\u0101s audz\u0113k\u0146i var\u0113s:&nbsp; Uz\u0146em dal\u012bbniekus no 7 &#8211; 11 gadiem Nodarb\u012bbas notiek RJTC DS Latvijas Nacion\u0101laj\u0101 dabas muzej\u0101, K. Barona iel\u0101 4 Pieteik\u0161an\u0101s nodarb\u012bb\u0101m &#8211; gbagrade@edu.riga.lv<\/p>\n","protected":false},"author":4,"featured_media":0,"parent":4035,"menu_order":0,"comment_status":"closed","ping_status":"closed","template":"","meta":{"ngg_post_thumbnail":0,"footnotes":""},"class_list":["post-6918","page","type-page","status-publish","hentry"],"_links":{"self":[{"href":"https:\/\/www.rjtc.lv\/index.php?rest_route=\/wp\/v2\/pages\/6918","targetHints":{"allow":["GET"]}}],"collection":[{"href":"https:\/\/www.rjtc.lv\/index.php?rest_route=\/wp\/v2\/pages"}],"about":[{"href":"https:\/\/www.rjtc.lv\/index.php?rest_route=\/wp\/v2\/types\/page"}],"author":[{"embeddable":true,"href":"https:\/\/www.rjtc.lv\/index.php?rest_route=\/wp\/v2\/users\/4"}],"replies":[{"embeddable":true,"href":"https:\/\/www.rjtc.lv\/index.php?rest_route=%2Fwp%2Fv2%2Fcomments&post=6918"}],"version-history":[{"count":0,"href":"https:\/\/www.rjtc.lv\/index.php?rest_route=\/wp\/v2\/pages\/6918\/revisions"}],"up":[{"embeddable":true,"href":"https:\/\/www.rjtc.lv\/index.php?rest_route=\/wp\/v2\/pages\/4035"}],"wp:attachment":[{"href":"https:\/\/www.rjtc.lv\/index.php?rest_route=%2Fwp%2Fv2%2Fmedia&parent=6918"}],"curies":[{"name":"wp","href":"https:\/\/api.w.org\/{rel}","templated":true}]}}