{"id":6862,"date":"2023-01-13T14:25:55","date_gmt":"2023-01-13T14:25:55","guid":{"rendered":"https:\/\/www.rjtc.lv\/?page_id=6862"},"modified":"2025-09-09T07:47:20","modified_gmt":"2025-09-09T07:47:20","slug":"cita-kimija-2","status":"publish","type":"page","link":"https:\/\/www.rjtc.lv\/?page_id=6862","title":{"rendered":"Cita \u0137\u012bmija"},"content":{"rendered":"\n<p>Skolot\u0101ja: Hel\u0113na Fu\u010dad\u017ei<\/p>\n\n\n\n<p>Pulci\u0146\u0101 &#8220;Cita \u0137\u012bmija&#8221; nodarb\u012bbas dal\u012bbnieki padzi\u013cin\u0101ti iepaz\u012bst \u0137\u012bmiju caur rado\u0161u, praktisku un interesantu pieeju.<\/p>\n\n\n\n<p>Ja tu apsver apmekl\u0113t \u0161\u0101du pulci\u0146u \u2014 dro\u0161i! T\u0101 ir lieliska iesp\u0113ja iepaz\u012bt \u0137\u012bmiju no aizraujo\u0161\u0101s puses, ne tikai teor\u0113tiski, bet ar\u012b praktiski.<\/p>\n\n\n\n<p>Uz\u0146em dal\u012bbniekus no <strong>10&nbsp;&#8211; 25 gadiem<\/strong>.<\/p>\n\n\n\n<p>Nodarb\u012bbas notiek<strong> Bauskas iel\u0101 88, 305. kabinet\u0101<\/strong><\/p>\n\n\n\n<p><strong>Otrdien\u0101s: 15.00 &#8211; 16.20; 16.30 &#8211; 17.50 un 18.00 &#8211; 19.20<br>Ceturtdien\u0101s: 15.00 &#8211; 16.20; 16.30 &#8211; 17.50 un 18.00 &#8211; 19.20<\/strong><br>Pieteik\u0161an\u0101s nodarb\u012bb\u0101m kl\u0101tien\u0113 nodarb\u012bbu laikos vai pa e-pastu: hfucadzi@edu.riga.lv<\/p>\n\n\n\n<figure class=\"wp-block-image size-large\"><a href=\"https:\/\/www.rjtc.lv\/wp-content\/uploads\/2023\/01\/kolbas-scaled.jpg\"><img loading=\"lazy\" decoding=\"async\" width=\"1024\" height=\"684\" src=\"https:\/\/www.rjtc.lv\/wp-content\/uploads\/2023\/01\/kolbas-1024x684.jpg\" alt=\"\" class=\"wp-image-6930\" srcset=\"https:\/\/www.rjtc.lv\/wp-content\/uploads\/2023\/01\/kolbas-1024x684.jpg 1024w, https:\/\/www.rjtc.lv\/wp-content\/uploads\/2023\/01\/kolbas-300x200.jpg 300w, https:\/\/www.rjtc.lv\/wp-content\/uploads\/2023\/01\/kolbas-768x513.jpg 768w, https:\/\/www.rjtc.lv\/wp-content\/uploads\/2023\/01\/kolbas-1536x1025.jpg 1536w, https:\/\/www.rjtc.lv\/wp-content\/uploads\/2023\/01\/kolbas-2048x1367.jpg 2048w, https:\/\/www.rjtc.lv\/wp-content\/uploads\/2023\/01\/kolbas-321x214.jpg 321w, https:\/\/www.rjtc.lv\/wp-content\/uploads\/2023\/01\/kolbas-140x94.jpg 140w\" sizes=\"auto, (max-width: 1024px) 100vw, 1024px\" \/><\/a><\/figure>\n","protected":false},"excerpt":{"rendered":"<p>Skolot\u0101ja: Hel\u0113na Fu\u010dad\u017ei Pulci\u0146\u0101 &#8220;Cita \u0137\u012bmija&#8221; nodarb\u012bbas dal\u012bbnieki padzi\u013cin\u0101ti iepaz\u012bst \u0137\u012bmiju caur rado\u0161u, praktisku un interesantu pieeju. Ja tu apsver apmekl\u0113t \u0161\u0101du pulci\u0146u \u2014 dro\u0161i! T\u0101 ir lieliska iesp\u0113ja iepaz\u012bt \u0137\u012bmiju no aizraujo\u0161\u0101s puses, ne tikai teor\u0113tiski, bet ar\u012b praktiski. Uz\u0146em dal\u012bbniekus no 10&nbsp;&#8211; 25 gadiem. Nodarb\u012bbas notiek Bauskas iel\u0101 88, 305. kabinet\u0101 Otrdien\u0101s: 15.00 [&hellip;]<\/p>\n","protected":false},"author":4,"featured_media":6930,"parent":4170,"menu_order":0,"comment_status":"closed","ping_status":"closed","template":"","meta":{"ngg_post_thumbnail":0,"footnotes":""},"class_list":["post-6862","page","type-page","status-publish","has-post-thumbnail","hentry"],"_links":{"self":[{"href":"https:\/\/www.rjtc.lv\/index.php?rest_route=\/wp\/v2\/pages\/6862","targetHints":{"allow":["GET"]}}],"collection":[{"href":"https:\/\/www.rjtc.lv\/index.php?rest_route=\/wp\/v2\/pages"}],"about":[{"href":"https:\/\/www.rjtc.lv\/index.php?rest_route=\/wp\/v2\/types\/page"}],"author":[{"embeddable":true,"href":"https:\/\/www.rjtc.lv\/index.php?rest_route=\/wp\/v2\/users\/4"}],"replies":[{"embeddable":true,"href":"https:\/\/www.rjtc.lv\/index.php?rest_route=%2Fwp%2Fv2%2Fcomments&post=6862"}],"version-history":[{"count":0,"href":"https:\/\/www.rjtc.lv\/index.php?rest_route=\/wp\/v2\/pages\/6862\/revisions"}],"up":[{"embeddable":true,"href":"https:\/\/www.rjtc.lv\/index.php?rest_route=\/wp\/v2\/pages\/4170"}],"wp:featuredmedia":[{"embeddable":true,"href":"https:\/\/www.rjtc.lv\/index.php?rest_route=\/wp\/v2\/media\/6930"}],"wp:attachment":[{"href":"https:\/\/www.rjtc.lv\/index.php?rest_route=%2Fwp%2Fv2%2Fmedia&parent=6862"}],"curies":[{"name":"wp","href":"https:\/\/api.w.org\/{rel}","templated":true}]}}