{"id":6847,"date":"2023-01-13T14:06:56","date_gmt":"2023-01-13T14:06:56","guid":{"rendered":"https:\/\/www.rjtc.lv\/?page_id=6847"},"modified":"2025-09-09T08:57:20","modified_gmt":"2025-09-09T08:57:20","slug":"maza-biologijas-universitate","status":"publish","type":"page","link":"https:\/\/www.rjtc.lv\/?page_id=6847","title":{"rendered":"Maz\u0101 biolo\u0123ijas universit\u0101te"},"content":{"rendered":"\n<p>Skolot\u0101js: <strong>Aija Ru\u0123\u0113na<\/strong><\/p>\n\n\n\n<p>Pulci\u0146\u0161 &#8220;Maz\u0101 biolo\u0123ijas universit\u0101te&#8221;<strong> <\/strong>ir dom\u0101ts skol\u0113niem, kuriem interes\u0113 dz\u012bv\u0101 daba, augi, dz\u012bvnieki, mikropasaule un dz\u012bv\u012bbas procesi kopum\u0101. Nodarb\u012bbu m\u0113r\u0137is ir padzi\u013cin\u0101ti iepaz\u012bt biolo\u0123iju \u2013 ne tikai to, kas tiek apg\u016bts skol\u0101, bet ar\u012b daudz pla\u0161\u0101k, praktisk\u0101k un rado\u0161\u0101k.<\/p>\n\n\n\n<p>Uz\u0146em dal\u012bbniekus no <strong>7\u00a0&#8211; 14 gadiem<\/strong>.<\/p>\n\n\n\n<p>Nodarb\u012bbas notiek <strong>Bauskas iel\u0101 88<\/strong>, <strong>305.kabinet\u0101<\/strong><\/p>\n\n\n\n<p><strong>Pirmdien\u0101s: 15.30 &#8211; 17.40 un 18.00 &#8211; 20.10<\/strong><br>Pieteik\u0161an\u0101s nodarb\u012bb\u0101m kl\u0101tien\u0113 nodarb\u012bbu laikos vai pa e pastu:\u00a0<strong>arugena@edu.riga.lv<\/strong><\/p>\n","protected":false},"excerpt":{"rendered":"<p>Skolot\u0101js: Aija Ru\u0123\u0113na Pulci\u0146\u0161 &#8220;Maz\u0101 biolo\u0123ijas universit\u0101te&#8221; ir dom\u0101ts skol\u0113niem, kuriem interes\u0113 dz\u012bv\u0101 daba, augi, dz\u012bvnieki, mikropasaule un dz\u012bv\u012bbas procesi kopum\u0101. Nodarb\u012bbu m\u0113r\u0137is ir padzi\u013cin\u0101ti iepaz\u012bt biolo\u0123iju \u2013 ne tikai to, kas tiek apg\u016bts skol\u0101, bet ar\u012b daudz pla\u0161\u0101k, praktisk\u0101k un rado\u0161\u0101k. Uz\u0146em dal\u012bbniekus no 7\u00a0&#8211; 14 gadiem. Nodarb\u012bbas notiek Bauskas iel\u0101 88, 305.kabinet\u0101 Pirmdien\u0101s: [&hellip;]<\/p>\n","protected":false},"author":4,"featured_media":0,"parent":4170,"menu_order":0,"comment_status":"closed","ping_status":"closed","template":"","meta":{"ngg_post_thumbnail":0,"footnotes":""},"class_list":["post-6847","page","type-page","status-publish","hentry"],"_links":{"self":[{"href":"https:\/\/www.rjtc.lv\/index.php?rest_route=\/wp\/v2\/pages\/6847","targetHints":{"allow":["GET"]}}],"collection":[{"href":"https:\/\/www.rjtc.lv\/index.php?rest_route=\/wp\/v2\/pages"}],"about":[{"href":"https:\/\/www.rjtc.lv\/index.php?rest_route=\/wp\/v2\/types\/page"}],"author":[{"embeddable":true,"href":"https:\/\/www.rjtc.lv\/index.php?rest_route=\/wp\/v2\/users\/4"}],"replies":[{"embeddable":true,"href":"https:\/\/www.rjtc.lv\/index.php?rest_route=%2Fwp%2Fv2%2Fcomments&post=6847"}],"version-history":[{"count":0,"href":"https:\/\/www.rjtc.lv\/index.php?rest_route=\/wp\/v2\/pages\/6847\/revisions"}],"up":[{"embeddable":true,"href":"https:\/\/www.rjtc.lv\/index.php?rest_route=\/wp\/v2\/pages\/4170"}],"wp:attachment":[{"href":"https:\/\/www.rjtc.lv\/index.php?rest_route=%2Fwp%2Fv2%2Fmedia&parent=6847"}],"curies":[{"name":"wp","href":"https:\/\/api.w.org\/{rel}","templated":true}]}}