{"id":41,"date":"2013-09-26T16:20:57","date_gmt":"2013-09-26T16:20:57","guid":{"rendered":"http:\/\/www.rjtc.lv\/?page_id=41"},"modified":"2026-01-28T13:31:28","modified_gmt":"2026-01-28T13:31:28","slug":"lidmodelisms-radiovadamie","status":"publish","type":"page","link":"https:\/\/www.rjtc.lv\/?page_id=41","title":{"rendered":"Droni"},"content":{"rendered":"<h1 align=\"left\">Radiovad\u0101mie lidmode\u013ci, dronu modelisms<\/h1>\n<p align=\"left\">Skolot\u0101js:<strong> J\u0101nis Ankravs<\/strong><\/p>\n<p>Dronu pulci\u0146a nodarb\u012bb\u0101s audz\u0113k\u0146i apg\u016bst iema\u0146as dronu b\u016bv\u0113\u0161an\u0101, labo\u0161an\u0101, apg\u016bst elektronikas pamatzin\u0101\u0161anas, m\u0101c\u0101s izmantot da\u017e\u0101dus instrumentus, apg\u016bst lod\u0113\u0161anas pamatus. Pulci\u0146a nodarb\u012bb\u0101s izstr\u0101d\u0101 pl\u0101nu drona uzb\u016bvei, to realiz\u0113, apg\u016bst ar\u012b praktiskas iema\u0146as dronu simul\u0101tor\u0101 un dz\u012bv\u0113.<\/p>\n<p>Ar izgatavotajiem droniem piedal\u0101s gan viet\u0113j\u0101s, gan starptautisk\u0101s sacens\u012bb\u0101s, un pasaules kausa posmos.<\/p>\n<p><iframe loading=\"lazy\" title=\"Dronu pulci\u0146\u0161\" width=\"838\" height=\"471\" src=\"https:\/\/www.youtube.com\/embed\/WPy4iKHNeKo?feature=oembed\" frameborder=\"0\" allow=\"accelerometer; autoplay; clipboard-write; encrypted-media; gyroscope; picture-in-picture; web-share\" referrerpolicy=\"strict-origin-when-cross-origin\" allowfullscreen><\/iframe><\/p>\n<p align=\"left\">Uz\u0146em dal\u012bbniekus no <strong>10&nbsp;&#8211; 25 gadiem<\/strong>.<\/p>\n<p align=\"left\">Nodarb\u012bbas notiek<strong> Bauskas iel\u0101 88, 402. kabinet\u0101<\/strong><\/p>\n<p align=\"left\">&nbsp;<\/p>\n<p align=\"left\">&nbsp;<\/p>\n","protected":false},"excerpt":{"rendered":"<p>Radiovad\u0101mie lidmode\u013ci, dronu modelisms Skolot\u0101js: J\u0101nis Ankravs Dronu pulci\u0146a nodarb\u012bb\u0101s audz\u0113k\u0146i apg\u016bst iema\u0146as dronu b\u016bv\u0113\u0161an\u0101, labo\u0161an\u0101, apg\u016bst elektronikas pamatzin\u0101\u0161anas, m\u0101c\u0101s izmantot da\u017e\u0101dus instrumentus, apg\u016bst lod\u0113\u0161anas pamatus. Pulci\u0146a nodarb\u012bb\u0101s izstr\u0101d\u0101 pl\u0101nu drona uzb\u016bvei, to realiz\u0113, apg\u016bst ar\u012b praktiskas iema\u0146as dronu simul\u0101tor\u0101 un dz\u012bv\u0113. Ar izgatavotajiem droniem piedal\u0101s gan viet\u0113j\u0101s, gan starptautisk\u0101s sacens\u012bb\u0101s, un pasaules kausa posmos. [&hellip;]<\/p>\n","protected":false},"author":4,"featured_media":8903,"parent":282,"menu_order":0,"comment_status":"closed","ping_status":"closed","template":"","meta":{"ngg_post_thumbnail":0,"footnotes":""},"class_list":["post-41","page","type-page","status-publish","has-post-thumbnail","hentry"],"_links":{"self":[{"href":"https:\/\/www.rjtc.lv\/index.php?rest_route=\/wp\/v2\/pages\/41","targetHints":{"allow":["GET"]}}],"collection":[{"href":"https:\/\/www.rjtc.lv\/index.php?rest_route=\/wp\/v2\/pages"}],"about":[{"href":"https:\/\/www.rjtc.lv\/index.php?rest_route=\/wp\/v2\/types\/page"}],"author":[{"embeddable":true,"href":"https:\/\/www.rjtc.lv\/index.php?rest_route=\/wp\/v2\/users\/4"}],"replies":[{"embeddable":true,"href":"https:\/\/www.rjtc.lv\/index.php?rest_route=%2Fwp%2Fv2%2Fcomments&post=41"}],"version-history":[{"count":0,"href":"https:\/\/www.rjtc.lv\/index.php?rest_route=\/wp\/v2\/pages\/41\/revisions"}],"up":[{"embeddable":true,"href":"https:\/\/www.rjtc.lv\/index.php?rest_route=\/wp\/v2\/pages\/282"}],"wp:featuredmedia":[{"embeddable":true,"href":"https:\/\/www.rjtc.lv\/index.php?rest_route=\/wp\/v2\/media\/8903"}],"wp:attachment":[{"href":"https:\/\/www.rjtc.lv\/index.php?rest_route=%2Fwp%2Fv2%2Fmedia&parent=41"}],"curies":[{"name":"wp","href":"https:\/\/api.w.org\/{rel}","templated":true}]}}