{"id":293,"date":"2013-12-10T10:17:19","date_gmt":"2013-12-10T10:17:19","guid":{"rendered":"http:\/\/www.rjtc.lv\/?page_id=293"},"modified":"2025-09-02T11:21:21","modified_gmt":"2025-09-02T11:21:21","slug":"uznemsana","status":"publish","type":"page","link":"https:\/\/www.rjtc.lv\/?page_id=293","title":{"rendered":"Uz\u0146em\u0161ana"},"content":{"rendered":"\n<p>Jaunu audz\u0113k\u0146u uz\u0146em\u0161ana 2025.\/2026. m\u0101c\u012bbu gadam notiek visu cauru gadu (ja pulci\u0146\u0101 v\u0113l ir br\u012bvas vietas).<\/p>\n\n\n<h2><strong>K\u013c\u016bsti par m\u016bs\u0113jo:<\/strong><\/h2>\n<ul>\n<li>Izv\u0113lies pulci\u0146a programmu, kas Tevi interes\u0113.<\/li>\n<li>Iepaz\u012bsties ar pulci\u0146a skolot\u0101ju un nodarb\u012bbu vietu, noskaidro nodarb\u012bbu laikus.<\/li>\n<li>Iepaz\u012bsties ar RJTC&nbsp;iek\u0161\u0113j\u0101s k\u0101rt\u012bbas noteikumiem.<\/li>\n<li>Pulci\u0146a skolot\u0101js iedos Tev aizpild\u012bt <a href=\"https:\/\/www.rjtc.lv\/wp-content\/uploads\/2025\/08\/Iesnieguma_veidlapa_2025_2026.pdf\">iesniegumu<\/a>. Ja Tev v\u0113l nav 18 gadu, to aizpilda Tavi vec\u0101ki.<\/li>\n<\/ul>\n<h2><strong>Atceries:&nbsp;<\/strong><\/h2>\n<ul>\n<li>Ja Tu v\u0113lies izst\u0101ties no izv\u0113l\u0113t\u0101s intere\u0161u izgl\u012bt\u012bbas programmas, tad oblig\u0101ti j\u0101raksta<a href=\"https:\/\/www.rjtc.lv\/wp-content\/uploads\/2025\/09\/Iesniegums_atskaitisana.pdf\"> iesniegums par izst\u0101\u0161anos<\/a>.&nbsp;<\/li>\n<\/ul>\n<p>Vair\u0101k inform\u0101cijas 67474599, 29141263.<\/p>\n\n\n<p><\/p>\n","protected":false},"excerpt":{"rendered":"<p>Jaunu audz\u0113k\u0146u uz\u0146em\u0161ana 2025.\/2026. m\u0101c\u012bbu gadam notiek visu cauru gadu (ja pulci\u0146\u0101 v\u0113l ir br\u012bvas vietas). K\u013c\u016bsti par m\u016bs\u0113jo: Izv\u0113lies pulci\u0146a programmu, kas Tevi interes\u0113. Iepaz\u012bsties ar pulci\u0146a skolot\u0101ju un nodarb\u012bbu vietu, noskaidro nodarb\u012bbu laikus. Iepaz\u012bsties ar RJTC&nbsp;iek\u0161\u0113j\u0101s k\u0101rt\u012bbas noteikumiem. Pulci\u0146a skolot\u0101js iedos Tev aizpild\u012bt iesniegumu. Ja Tev v\u0113l nav 18 gadu, to aizpilda Tavi [&hellip;]<\/p>\n","protected":false},"author":4,"featured_media":0,"parent":0,"menu_order":6,"comment_status":"closed","ping_status":"closed","template":"","meta":{"ngg_post_thumbnail":0,"footnotes":""},"class_list":["post-293","page","type-page","status-publish","hentry"],"_links":{"self":[{"href":"https:\/\/www.rjtc.lv\/index.php?rest_route=\/wp\/v2\/pages\/293","targetHints":{"allow":["GET"]}}],"collection":[{"href":"https:\/\/www.rjtc.lv\/index.php?rest_route=\/wp\/v2\/pages"}],"about":[{"href":"https:\/\/www.rjtc.lv\/index.php?rest_route=\/wp\/v2\/types\/page"}],"author":[{"embeddable":true,"href":"https:\/\/www.rjtc.lv\/index.php?rest_route=\/wp\/v2\/users\/4"}],"replies":[{"embeddable":true,"href":"https:\/\/www.rjtc.lv\/index.php?rest_route=%2Fwp%2Fv2%2Fcomments&post=293"}],"version-history":[{"count":0,"href":"https:\/\/www.rjtc.lv\/index.php?rest_route=\/wp\/v2\/pages\/293\/revisions"}],"wp:attachment":[{"href":"https:\/\/www.rjtc.lv\/index.php?rest_route=%2Fwp%2Fv2%2Fmedia&parent=293"}],"curies":[{"name":"wp","href":"https:\/\/api.w.org\/{rel}","templated":true}]}}