{"id":273,"date":"2013-12-09T17:46:32","date_gmt":"2013-12-09T17:46:32","guid":{"rendered":"http:\/\/www.rjtc.lv\/?page_id=273"},"modified":"2026-03-13T14:03:49","modified_gmt":"2026-03-13T14:03:49","slug":"skolotaji","status":"publish","type":"page","link":"https:\/\/www.rjtc.lv\/?page_id=273","title":{"rendered":"RJTC pedagogi"},"content":{"rendered":"\n<figure class=\"wp-block-table\"><table><tbody><tr><td class=\"has-text-align-center\" data-align=\"center\"><strong>Pulci\u0146\u0161<\/strong><\/td><td class=\"has-text-align-center\" data-align=\"center\"><strong>Pedagogs<\/strong><\/td><\/tr><tr><td class=\"has-text-align-center\" data-align=\"center\">Lidmodelisms (br\u012bvlidojo\u0161ie)<\/td><td class=\"has-text-align-center\" data-align=\"center\">Viktors Ro\u0161onoks<\/td><\/tr><tr><td class=\"has-text-align-center\" data-align=\"center\">Ra\u0137e\u0161modelisms<\/td><td class=\"has-text-align-center\" data-align=\"center\">Viktors Ro\u0161onoks<\/td><\/tr><tr><td class=\"has-text-align-center\" data-align=\"center\">Lidmodelisms<\/td><td class=\"has-text-align-center\" data-align=\"center\">Sergejs Timofejevs<\/td><\/tr><tr><td class=\"has-text-align-center\" data-align=\"center\">In\u017eenierzin\u012bbu, konstru\u0113\u0161anas, projekt\u0113\u0161anas darbn\u012bca<\/td><td class=\"has-text-align-center\" data-align=\"center\">Sergejs Timofejevs<\/td><\/tr><tr><td class=\"has-text-align-center\" data-align=\"center\">Arduino<\/td><td class=\"has-text-align-center\" data-align=\"center\">Krist\u012bne Mi\u010dule<\/td><\/tr><tr><td class=\"has-text-align-center\" data-align=\"center\">Robotika<\/td><td class=\"has-text-align-center\" data-align=\"center\">Krist\u012bne Mi\u010dule<\/td><\/tr><tr><td class=\"has-text-align-center\" data-align=\"center\">Robotika<\/td><td class=\"has-text-align-center\" data-align=\"center\">Darjus Dargis<\/td><\/tr><tr><td class=\"has-text-align-center\" data-align=\"center\">Wedo Robotika<\/td><td class=\"has-text-align-center\" data-align=\"center\">Viktorija Pavlova<\/td><\/tr><tr><td class=\"has-text-align-center\" data-align=\"center\">Lego<\/td><td class=\"has-text-align-center\" data-align=\"center\">Vizma Virse<\/td><\/tr><tr><td class=\"has-text-align-center\" data-align=\"center\">Lego<\/td><td class=\"has-text-align-center\" data-align=\"center\">Dina Maksimenko<\/td><\/tr><tr><td class=\"has-text-align-center\" data-align=\"center\">Lieti\u0161\u0137\u0101 datorika &#8211; S\u0101c programm\u0113t <\/td><td class=\"has-text-align-center\" data-align=\"center\">Indra Siksaliete<\/td><\/tr><tr><td class=\"has-text-align-center\" data-align=\"center\">Maz\u0101 matem\u0101tikas universit\u0101te<\/td><td class=\"has-text-align-center\" data-align=\"center\">Indra Siksaliete<\/td><\/tr><tr><td class=\"has-text-align-center\" data-align=\"center\">Konstru\u0113\u0161anas dizaina darbn\u012bca &#8211; rota\u013clietas<\/td><td class=\"has-text-align-center\" data-align=\"center\">Anita Z\u012bverte<\/td><\/tr><tr><td class=\"has-text-align-center\" data-align=\"center\">Pap\u012bra plastikas dizains<\/td><td class=\"has-text-align-center\" data-align=\"center\">Anita Z\u012bverte<\/td><\/tr><tr><td class=\"has-text-align-center\" data-align=\"center\">Tehnisk\u0101 model\u0113\u0161ana un konstru\u0113\u0161ana<\/td><td class=\"has-text-align-center\" data-align=\"center\">J\u0101nis Rage-Ra\u0123is<\/td><\/tr><tr><td class=\"has-text-align-center\" data-align=\"center\">CNC un l\u0101zergrav\u0113\u0161anas pamati<\/td><td class=\"has-text-align-center\" data-align=\"center\">Maija Biteniece<\/td><\/tr><tr><td class=\"has-text-align-center\" data-align=\"center\">Ku\u0123u modelisms<\/td><td class=\"has-text-align-center\" data-align=\"center\">Zigurds Millers<\/td><\/tr><tr><td class=\"has-text-align-center\" data-align=\"center\">Koka inerces auto model\u0113\u0161ana<\/td><td class=\"has-text-align-center\" data-align=\"center\">Agris Kir\u0161teins<\/td><\/tr><tr><td class=\"has-text-align-center\" data-align=\"center\">Trases auto modelisms<\/td><td class=\"has-text-align-center\" data-align=\"center\">Agris Kir\u0161teins<\/td><\/tr><tr><td class=\"has-text-align-center\" data-align=\"center\">Radio vad\u0101mo auto modelisms<\/td><td class=\"has-text-align-center\" data-align=\"center\">\u0112valds But\u0101ns<\/td><\/tr><tr><td class=\"has-text-align-center\" data-align=\"center\">Minik\u0101ri<\/td><td class=\"has-text-align-center\" data-align=\"center\">Juris Majors<\/td><\/tr><tr><td class=\"has-text-align-center\" data-align=\"center\">Kartingi<\/td><td class=\"has-text-align-center\" data-align=\"center\">Darjus Dargis<\/td><\/tr><tr><td class=\"has-text-align-center\" data-align=\"center\">Za\u013c\u0101 p\u0113da<\/td><td class=\"has-text-align-center\" data-align=\"center\">Indra Siksaliete<\/td><\/tr><tr><td class=\"has-text-align-center\" data-align=\"center\">Mak\u0161\u0137er\u0113\u0161anas un akv\u0101riju pasaule<\/td><td class=\"has-text-align-center\" data-align=\"center\">Valters Gobi\u0146\u0161<\/td><\/tr><tr><td class=\"has-text-align-center\" data-align=\"center\">Maz\u0101 Biolo\u0123ijas universit\u0101te<\/td><td class=\"has-text-align-center\" data-align=\"center\">Aija Ru\u0123\u0113na<\/td><\/tr><tr><td class=\"has-text-align-center\" data-align=\"center\">Cita \u0137\u012bmija<\/td><td class=\"has-text-align-center\" data-align=\"center\">Hel\u0113na Fu\u010dad\u017ei<\/td><\/tr><tr><td class=\"has-text-align-center\" data-align=\"center\">Lakross, interkross<\/td><td class=\"has-text-align-center\" data-align=\"center\">Dins Bahs<\/td><\/tr><tr><td class=\"has-text-align-center\" data-align=\"center\">Lakross, interkross<\/td><td class=\"has-text-align-center\" data-align=\"center\">Krista Br\u012bdi\u0146a<\/td><\/tr><tr><td class=\"has-text-align-center\" data-align=\"center\">Vispus\u012bg\u0101 fizisk\u0101 sagatavot\u012bba<\/td><td class=\"has-text-align-center\" data-align=\"center\">Ieva Meldere<\/td><\/tr><tr><td class=\"has-text-align-center\" data-align=\"center\">\u0160ahs<\/td><td class=\"has-text-align-center\" data-align=\"center\">Uldis Melderis<\/td><\/tr><tr><td class=\"has-text-align-center\" data-align=\"center\">\u0160ahs<\/td><td class=\"has-text-align-center\" data-align=\"center\">Nellija Maklakova<\/td><\/tr><tr><td class=\"has-text-align-center\" data-align=\"center\">Taekvondo<\/td><td class=\"has-text-align-center\" data-align=\"center\">Sandris Radzi\u0146\u0161<\/td><\/tr><tr><td class=\"has-text-align-center\" data-align=\"center\">Florbols<\/td><td class=\"has-text-align-center\" data-align=\"center\">Santa Muceniece<\/td><\/tr><tr><td class=\"has-text-align-center\" data-align=\"center\">Florbols<\/td><td class=\"has-text-align-center\" data-align=\"center\">Kristens Rubenis<\/td><\/tr><tr><td class=\"has-text-align-center\" data-align=\"center\">Datorgrafika<\/td><td class=\"has-text-align-center\" data-align=\"center\">Maija Biteniece<\/td><\/tr><tr><td class=\"has-text-align-center\" data-align=\"center\">Pirmsskola tautas deju kolekt\u012bvs&nbsp; &#8221;Saul\u012bte&#8221;<\/td><td class=\"has-text-align-center\" data-align=\"center\">Uva Egl\u012bte<\/td><\/tr><tr><td class=\"has-text-align-center\" data-align=\"center\">Netradicion\u0101lie rokdarbi<\/td><td class=\"has-text-align-center\" data-align=\"center\">Dace Gaile<\/td><\/tr><tr><td class=\"has-text-align-center\" data-align=\"center\">Keramika<\/td><td class=\"has-text-align-center\" data-align=\"center\">Angel\u012bna Ov\u010darenko<\/td><\/tr><tr><td class=\"has-text-align-center\" data-align=\"center\">Keramika<\/td><td class=\"has-text-align-center\" data-align=\"center\">Eva Liepi\u0146a<\/td><\/tr><tr><td class=\"has-text-align-center\" data-align=\"center\">Z\u012bm\u0113\u0161ana, glezno\u0161ana<\/td><td class=\"has-text-align-center\" data-align=\"center\">Anita Z\u012bverte<\/td><\/tr><tr><td class=\"has-text-align-center\" data-align=\"center\">Foto pulci\u0146\u0161<\/td><td class=\"has-text-align-center\" data-align=\"center\">Inga Nestere<\/td><\/tr><tr><td class=\"has-text-align-center\" data-align=\"center\">Video jaunrades un mont\u0101\u017eas pulci\u0146\u0161 &#8211; Filmu studija<\/td><td class=\"has-text-align-center\" data-align=\"center\">Inga Nestere<\/td><\/tr><tr><td class=\"has-text-align-center\" data-align=\"center\">Digit\u0101l\u0101s prasmes m\u0101c\u012bbu platform\u0101 Minecraft Education<\/td><td class=\"has-text-align-center\" data-align=\"center\">Audrjus Dargis<\/td><\/tr><tr><td class=\"has-text-align-center\" data-align=\"center\">Sp\u0113\u013cu grafiskais dizains (Blender)<\/td><td class=\"has-text-align-center\" data-align=\"center\">Filips J\u0101nis J\u0113germanis<\/td><\/tr><tr><td class=\"has-text-align-center\" data-align=\"center\">Roblox<\/td><td class=\"has-text-align-center\" data-align=\"center\">Filips J\u0101nis J\u0113germanis<\/td><\/tr><tr><td class=\"has-text-align-center\" data-align=\"center\">N\u0100KOTNES PILS\u0112TA (Maker&#8217;s Red Box)<\/td><td class=\"has-text-align-center\" data-align=\"center\">Filips J\u0101nis J\u0113germanis<\/td><\/tr><tr><td class=\"has-text-align-center\" data-align=\"center\">Prototip\u0113\u0161ana<\/td><td class=\"has-text-align-center\" data-align=\"center\">Maija Biteniece<\/td><\/tr><tr><td class=\"has-text-align-center\" data-align=\"center\">Moto (mop\u0113di)<\/td><td class=\"has-text-align-center\" data-align=\"center\">Kaspars Brigzne<\/td><\/tr><tr><td class=\"has-text-align-center\" data-align=\"center\">Mazo in\u017eenieru skola<\/td><td class=\"has-text-align-center\" data-align=\"center\">Dina Maksimenko<\/td><\/tr><tr><td class=\"has-text-align-center\" data-align=\"center\">STEM pasaules izzin\u0101t\u0101ji<\/td><td class=\"has-text-align-center\" data-align=\"center\">Evija Vizule<\/td><\/tr><tr><td class=\"has-text-align-center\" data-align=\"center\">Mazie arhitekti<\/td><td class=\"has-text-align-center\" data-align=\"center\">Evija Vizule<\/td><\/tr><tr><td class=\"has-text-align-center\" data-align=\"center\">Droni<\/td><td class=\"has-text-align-center\" data-align=\"center\">J\u0101nis Ankravs<\/td><\/tr><tr><td class=\"has-text-align-center\" data-align=\"center\">Stikla Dizains<\/td><td class=\"has-text-align-center\" data-align=\"center\">Valdis Putni\u0146\u0161<\/td><\/tr><tr><td class=\"has-text-align-center\" data-align=\"center\">Anim\u0101cija<\/td><td class=\"has-text-align-center\" data-align=\"center\">Dace Liepa<\/td><\/tr><tr><td class=\"has-text-align-center\" data-align=\"center\">Ang\u013cu valoda<\/td><td class=\"has-text-align-center\" data-align=\"center\">Angel\u012bna Ov\u010darenko<\/td><\/tr><tr><td class=\"has-text-align-center\" data-align=\"center\">Ska\u0146u studija<\/td><td class=\"has-text-align-center\" data-align=\"center\">Roberts P\u016bce<\/td><\/tr><tr><td class=\"has-text-align-center\" data-align=\"center\">M\u0101cos dz\u012bvot vesel\u012bgi<\/td><td class=\"has-text-align-center\" data-align=\"center\">El\u012bza Elizabete Roga<\/td><\/tr><tr><td class=\"has-text-align-center\" data-align=\"center\">Est\u0113tikas skolas programma \u2018\u2019Maz\u0101 P\u016bces skola\u2019\u2019-1<\/td><td class=\"has-text-align-center\" data-align=\"center\">Sanita Z\u012bverte<\/td><\/tr><tr><td class=\"has-text-align-center\" data-align=\"center\">Est\u0113tikas skolas programma \u2018\u2019Maz\u0101 P\u016bces skola\u2019\u2019-1<\/td><td class=\"has-text-align-center\" data-align=\"center\">Laura Tim\u0161a<\/td><\/tr><tr><td class=\"has-text-align-center\" data-align=\"center\"><strong>Pulci\u0146i Ernest\u012bnes iel\u0101 8A<\/strong><\/td><td class=\"has-text-align-center\" data-align=\"center\"><\/td><\/tr><tr><td class=\"has-text-align-center\" data-align=\"center\">Lietu otr\u0101 dz\u012bve<\/td><td class=\"has-text-align-center\" data-align=\"center\">Lilita Svir\u017eevska<\/td><\/tr><tr><td class=\"has-text-align-center\" data-align=\"center\">Vides eksperimenti<\/td><td class=\"has-text-align-center\" data-align=\"center\">Lilita Svir\u017eevska<\/td><\/tr><tr><td class=\"has-text-align-center\" data-align=\"center\">Ce\u013cojums ar augiem<\/td><td class=\"has-text-align-center\" data-align=\"center\">Lilita Svir\u017eevska<\/td><\/tr><tr><td class=\"has-text-align-center\" data-align=\"center\">Mazais dabas p\u0113tnieks<\/td><td class=\"has-text-align-center\" data-align=\"center\">Lilita Svir\u017eevska<\/td><\/tr><tr><td class=\"has-text-align-center\" data-align=\"center\">Pu\u0137kop\u012bbas pulci\u0146\u0161<\/td><td class=\"has-text-align-center\" data-align=\"center\">Je\u013cena Golovanova<\/td><\/tr><tr><td class=\"has-text-align-center\" data-align=\"center\">Jauno ornitologu pulci\u0146\u0161<\/td><td class=\"has-text-align-center\" data-align=\"center\"><\/td><\/tr><tr><td class=\"has-text-align-center\" data-align=\"center\">100 dabas br\u012bnumi<\/td><td class=\"has-text-align-center\" data-align=\"center\">Aija Ru\u0123\u0113na<\/td><\/tr><tr><td class=\"has-text-align-center\" data-align=\"center\">P\u0113ti un eksperiment\u0113<\/td><td class=\"has-text-align-center\" data-align=\"center\"><\/td><\/tr><tr><td class=\"has-text-align-center\" data-align=\"center\">Pirmsskolnieks p\u0113ta un eksperiment\u0113<\/td><td class=\"has-text-align-center\" data-align=\"center\">Aija Ru\u0123\u0113na<\/td><\/tr><tr><td class=\"has-text-align-center\" data-align=\"center\">Keramika<\/td><td class=\"has-text-align-center\" data-align=\"center\"> Beatrise Be\u0101te Grudule<\/td><\/tr><tr><td class=\"has-text-align-center\" data-align=\"center\">Floristika<\/td><td class=\"has-text-align-center\" data-align=\"center\">Ed\u012bte Kr\u0113sli\u0146a<\/td><\/tr><tr><td class=\"has-text-align-center\" data-align=\"center\">Vizu\u0101l\u0101s m\u0101kslas studija<\/td><td class=\"has-text-align-center\" data-align=\"center\">Viola Rogule<\/td><\/tr><tr><td class=\"has-text-align-center\" data-align=\"center\">Tekstilapstr\u0101de un dizains<\/td><td class=\"has-text-align-center\" data-align=\"center\">Viola Rogule<\/td><\/tr><tr><td class=\"has-text-align-center\" data-align=\"center\">Lego<\/td><td class=\"has-text-align-center\" data-align=\"center\">Ed\u012bte Kr\u0113sli\u0146a<\/td><\/tr><tr><td class=\"has-text-align-center\" data-align=\"center\">We Do Robotika<\/td><td class=\"has-text-align-center\" data-align=\"center\">Viktorija Pavlova<\/td><\/tr><tr><td class=\"has-text-align-center\" data-align=\"center\"><strong>K.Barona iela 4 &#8211; LND muzejs<\/strong><\/td><td class=\"has-text-align-center\" data-align=\"center\"><\/td><\/tr><tr><td class=\"has-text-align-center\" data-align=\"center\">Zoolo\u0123ijas pulci\u0146\u0161 &#8220;Dabas draugi<\/td><td class=\"has-text-align-center\" data-align=\"center\">Guna Bagrade<\/td><\/tr><tr><td class=\"has-text-align-center\" data-align=\"center\">Par Zemi, Sauli un mums<\/td><td class=\"has-text-align-center\" data-align=\"center\">Mariia Perfurova<\/td><\/tr><tr><td class=\"has-text-align-center\" data-align=\"center\">Jaunie \u0123eologi<\/td><td class=\"has-text-align-center\" data-align=\"center\">Mariia Perfurova<\/td><\/tr><\/tbody><\/table><\/figure>\n","protected":false},"excerpt":{"rendered":"<p>Pulci\u0146\u0161 Pedagogs Lidmodelisms (br\u012bvlidojo\u0161ie) Viktors Ro\u0161onoks Ra\u0137e\u0161modelisms Viktors Ro\u0161onoks Lidmodelisms Sergejs Timofejevs In\u017eenierzin\u012bbu, konstru\u0113\u0161anas, projekt\u0113\u0161anas darbn\u012bca Sergejs Timofejevs Arduino Krist\u012bne Mi\u010dule Robotika Krist\u012bne Mi\u010dule Robotika Darjus Dargis Wedo Robotika Viktorija Pavlova Lego Vizma Virse Lego Dina Maksimenko Lieti\u0161\u0137\u0101 datorika &#8211; S\u0101c programm\u0113t Indra Siksaliete Maz\u0101 matem\u0101tikas universit\u0101te Indra Siksaliete Konstru\u0113\u0161anas dizaina darbn\u012bca &#8211; rota\u013clietas Anita [&hellip;]<\/p>\n","protected":false},"author":4,"featured_media":9210,"parent":265,"menu_order":0,"comment_status":"closed","ping_status":"closed","template":"","meta":{"ngg_post_thumbnail":0,"footnotes":""},"class_list":["post-273","page","type-page","status-publish","has-post-thumbnail","hentry"],"_links":{"self":[{"href":"https:\/\/www.rjtc.lv\/index.php?rest_route=\/wp\/v2\/pages\/273","targetHints":{"allow":["GET"]}}],"collection":[{"href":"https:\/\/www.rjtc.lv\/index.php?rest_route=\/wp\/v2\/pages"}],"about":[{"href":"https:\/\/www.rjtc.lv\/index.php?rest_route=\/wp\/v2\/types\/page"}],"author":[{"embeddable":true,"href":"https:\/\/www.rjtc.lv\/index.php?rest_route=\/wp\/v2\/users\/4"}],"replies":[{"embeddable":true,"href":"https:\/\/www.rjtc.lv\/index.php?rest_route=%2Fwp%2Fv2%2Fcomments&post=273"}],"version-history":[{"count":0,"href":"https:\/\/www.rjtc.lv\/index.php?rest_route=\/wp\/v2\/pages\/273\/revisions"}],"up":[{"embeddable":true,"href":"https:\/\/www.rjtc.lv\/index.php?rest_route=\/wp\/v2\/pages\/265"}],"wp:featuredmedia":[{"embeddable":true,"href":"https:\/\/www.rjtc.lv\/index.php?rest_route=\/wp\/v2\/media\/9210"}],"wp:attachment":[{"href":"https:\/\/www.rjtc.lv\/index.php?rest_route=%2Fwp%2Fv2%2Fmedia&parent=273"}],"curies":[{"name":"wp","href":"https:\/\/api.w.org\/{rel}","templated":true}]}}