{"id":22,"date":"2013-09-26T16:06:09","date_gmt":"2013-09-26T16:06:09","guid":{"rendered":"http:\/\/www.rjtc.lv\/?page_id=22"},"modified":"2025-09-05T11:46:47","modified_gmt":"2025-09-05T11:46:47","slug":"sporta-pulcini","status":"publish","type":"page","link":"https:\/\/www.rjtc.lv\/?page_id=22","title":{"rendered":"SPORTS UN FIZISK\u0100S AKTIVIT\u0100TES"},"content":{"rendered":"<p>Pied\u0101v\u0101jam nodarb\u012bbas da\u017e\u0101dos sporta veidos:<\/p>\n<ul>\n<li><a title=\"Lakross, interkross z\u0113niem\" href=\"http:\/\/www.rjtc.lv\/?page_id=365\">Lakross, interkross z\u0113niem<\/a><\/li>\n<li><a title=\"Lakross, interkross meiten\u0113m\" href=\"http:\/\/www.rjtc.lv\/?page_id=363\">Lakross, interkross meiten\u0113m<\/a><\/li>\n<li><a title=\"Florbols\" href=\"http:\/\/www.rjtc.lv\/?page_id=51\">Florbols<\/a><\/li>\n<li><a title=\"\u0160ahs\" href=\"http:\/\/www.rjtc.lv\/?page_id=371\">\u0160ahs<\/a><\/li>\n<li><a title=\"Taekwondo\" href=\"http:\/\/www.rjtc.lv\/?page_id=368\">Taekvondo<\/a><\/li>\n<li><a href=\"https:\/\/www.rjtc.lv\/?page_id=1812\">Vispus\u012bg\u0101 fizisk\u0101 sagatavot\u012bba<\/a><\/li>\n<\/ul>\n","protected":false},"excerpt":{"rendered":"<p>Pied\u0101v\u0101jam nodarb\u012bbas da\u017e\u0101dos sporta veidos: Lakross, interkross z\u0113niem Lakross, interkross meiten\u0113m Florbols \u0160ahs Taekvondo Vispus\u012bg\u0101 fizisk\u0101 sagatavot\u012bba<\/p>\n","protected":false},"author":4,"featured_media":0,"parent":0,"menu_order":3,"comment_status":"closed","ping_status":"closed","template":"","meta":{"ngg_post_thumbnail":0,"footnotes":""},"class_list":["post-22","page","type-page","status-publish","hentry"],"_links":{"self":[{"href":"https:\/\/www.rjtc.lv\/index.php?rest_route=\/wp\/v2\/pages\/22","targetHints":{"allow":["GET"]}}],"collection":[{"href":"https:\/\/www.rjtc.lv\/index.php?rest_route=\/wp\/v2\/pages"}],"about":[{"href":"https:\/\/www.rjtc.lv\/index.php?rest_route=\/wp\/v2\/types\/page"}],"author":[{"embeddable":true,"href":"https:\/\/www.rjtc.lv\/index.php?rest_route=\/wp\/v2\/users\/4"}],"replies":[{"embeddable":true,"href":"https:\/\/www.rjtc.lv\/index.php?rest_route=%2Fwp%2Fv2%2Fcomments&post=22"}],"version-history":[{"count":0,"href":"https:\/\/www.rjtc.lv\/index.php?rest_route=\/wp\/v2\/pages\/22\/revisions"}],"wp:attachment":[{"href":"https:\/\/www.rjtc.lv\/index.php?rest_route=%2Fwp%2Fv2%2Fmedia&parent=22"}],"curies":[{"name":"wp","href":"https:\/\/api.w.org\/{rel}","templated":true}]}}