{"id":191,"date":"2013-12-09T11:03:25","date_gmt":"2013-12-09T11:03:25","guid":{"rendered":"http:\/\/www.rjtc.lv\/?page_id=191"},"modified":"2024-08-13T14:10:32","modified_gmt":"2024-08-13T14:10:32","slug":"papira-plastika","status":"publish","type":"page","link":"https:\/\/www.rjtc.lv\/?page_id=191","title":{"rendered":"Pap\u012bra plastikas dizains"},"content":{"rendered":"<p>Skolot\u0101ja: <strong>Anita Z\u012bverte<\/strong><\/p>\n<p>Audz\u0113k\u0146i, izmantojot pap\u012bru k\u0101 model\u0113\u0161anas materi\u0101lu, iepaz\u012bstas ar t\u0101 daudzveid\u012bgaj\u0101m \u012bpa\u0161\u012bb\u0101m un iesp\u0113j\u0101m.&nbsp;Pulci\u0146\u0101 ir iesp\u0113ja apg\u016bt ne tikai origami, kol\u0101\u017eu, moza\u012bku veido\u0161anu, papje-ma\u0161e tehniku, telpisku piek\u0161metu izgatavo\u0161anu, bet ar\u012b ras\u0113\u0161anas pamatus.&nbsp;B\u0113rni, str\u0101d\u0101jot ar pap\u012bru, kartonu, putu kartonu, pap\u012bra masu, l\u012bmi, plastil\u012bnu, kr\u0101s\u0101m u.c materi\u0101liem, att\u012bsta izdomu, fant\u0101ziju, precizit\u0101ti, telpisko dom\u0101\u0161anu un koncentr\u0113\u0161an\u0101s sp\u0113jas.<\/p>\n<p>Uz\u0146em dal\u012bbniekus no <strong>7 &#8211; 25 gadiem.<\/strong><\/p>\n<p>Nodarb\u012bbas notiek<strong> Bauskas iel\u0101 88, 401.kabinet\u0101<\/strong><\/p>\n<p>Pieteik\u0161an\u0101s nodarb\u012bb\u0101m \u2013 <strong>aziverte@edu.riga.lv<\/strong><\/p>\n<p>&nbsp;<\/p>\n<p><a href=\"http:\/\/www.rjtc.lv\/wp-content\/uploads\/2013\/12\/papira_plastika_rjtc.jpg\"><img loading=\"lazy\" decoding=\"async\" class=\"alignnone size-large wp-image-192\" src=\"http:\/\/www.rjtc.lv\/wp-content\/uploads\/2013\/12\/papira_plastika_rjtc-1024x724.jpg\" alt=\"papira_plastika_rjtc\" width=\"838\" height=\"592\"><\/a><\/p>\n<p>&nbsp;<\/p>\n","protected":false},"excerpt":{"rendered":"<p>Skolot\u0101ja: Anita Z\u012bverte Audz\u0113k\u0146i, izmantojot pap\u012bru k\u0101 model\u0113\u0161anas materi\u0101lu, iepaz\u012bstas ar t\u0101 daudzveid\u012bgaj\u0101m \u012bpa\u0161\u012bb\u0101m un iesp\u0113j\u0101m.&nbsp;Pulci\u0146\u0101 ir iesp\u0113ja apg\u016bt ne tikai origami, kol\u0101\u017eu, moza\u012bku veido\u0161anu, papje-ma\u0161e tehniku, telpisku piek\u0161metu izgatavo\u0161anu, bet ar\u012b ras\u0113\u0161anas pamatus.&nbsp;B\u0113rni, str\u0101d\u0101jot ar pap\u012bru, kartonu, putu kartonu, pap\u012bra masu, l\u012bmi, plastil\u012bnu, kr\u0101s\u0101m u.c materi\u0101liem, att\u012bsta izdomu, fant\u0101ziju, precizit\u0101ti, telpisko dom\u0101\u0161anu un koncentr\u0113\u0161an\u0101s [&hellip;]<\/p>\n","protected":false},"author":4,"featured_media":0,"parent":282,"menu_order":0,"comment_status":"closed","ping_status":"closed","template":"","meta":{"ngg_post_thumbnail":0,"footnotes":""},"class_list":["post-191","page","type-page","status-publish","hentry"],"_links":{"self":[{"href":"https:\/\/www.rjtc.lv\/index.php?rest_route=\/wp\/v2\/pages\/191","targetHints":{"allow":["GET"]}}],"collection":[{"href":"https:\/\/www.rjtc.lv\/index.php?rest_route=\/wp\/v2\/pages"}],"about":[{"href":"https:\/\/www.rjtc.lv\/index.php?rest_route=\/wp\/v2\/types\/page"}],"author":[{"embeddable":true,"href":"https:\/\/www.rjtc.lv\/index.php?rest_route=\/wp\/v2\/users\/4"}],"replies":[{"embeddable":true,"href":"https:\/\/www.rjtc.lv\/index.php?rest_route=%2Fwp%2Fv2%2Fcomments&post=191"}],"version-history":[{"count":0,"href":"https:\/\/www.rjtc.lv\/index.php?rest_route=\/wp\/v2\/pages\/191\/revisions"}],"up":[{"embeddable":true,"href":"https:\/\/www.rjtc.lv\/index.php?rest_route=\/wp\/v2\/pages\/282"}],"wp:attachment":[{"href":"https:\/\/www.rjtc.lv\/index.php?rest_route=%2Fwp%2Fv2%2Fmedia&parent=191"}],"curies":[{"name":"wp","href":"https:\/\/api.w.org\/{rel}","templated":true}]}}