{"id":11763,"date":"2026-03-17T12:50:41","date_gmt":"2026-03-17T12:50:41","guid":{"rendered":"https:\/\/www.rjtc.lv\/?page_id=11763"},"modified":"2026-03-17T13:02:41","modified_gmt":"2026-03-17T13:02:41","slug":"wedo-robotika","status":"publish","type":"page","link":"https:\/\/www.rjtc.lv\/?page_id=11763","title":{"rendered":"WeDo Robotika"},"content":{"rendered":"\n<p>Skolot\u0101ja: <strong>Viktorija Pavlova<\/strong><\/p>\n\n\n\n<p>LEGO WeDo robotikas nodarb\u012bb\u0101s m\u0113s b\u016bv\u0113jam da\u017e\u0101dus robotus (sac\u012bk\u0161u ma\u0161\u012bnas, spiegus, sumo c\u012bksto\u0146us, karuse\u013cus, zemestr\u012bces, dz\u012bvniekus u.c.) no lego kluc\u012b\u0161iem un veidojam tiem programmas uz datoriem, lai m\u016bsu roboti var braukt, iet, l\u0113kt, griezties un ar\u012b piedal\u012bties sacens\u012bb\u0101s un c\u012b\u0146\u0101s.<\/p>\n\n\n\n<p>Uz\u0146em dal\u012bbniekus no <strong>6 &#8211; 9 gadiem<\/strong><\/p>\n\n\n\n<p>Nodarb\u012bbas notiek <strong>Ernest\u012bnes iel\u0101 8a, mazaj\u0101 klas\u0113<\/strong><\/p>\n\n\n\n<p>Maksa <strong>&#8211; 5 eiro m\u0113nes\u012b<\/strong><\/p>\n\n\n\n<p>Pieteik\u0161an\u0101s: <strong>vpavlova15@edu.riga.lv<\/strong><\/p>\n\n\n\n<figure class=\"wp-block-image size-large\"><a href=\"https:\/\/www.rjtc.lv\/wp-content\/uploads\/2026\/03\/WEDO-ROBOTIKA-1.jpg\"><img loading=\"lazy\" decoding=\"async\" width=\"724\" height=\"1024\" src=\"https:\/\/www.rjtc.lv\/wp-content\/uploads\/2026\/03\/WEDO-ROBOTIKA-1-724x1024.jpg\" alt=\"\" class=\"wp-image-11768\" srcset=\"https:\/\/www.rjtc.lv\/wp-content\/uploads\/2026\/03\/WEDO-ROBOTIKA-1-724x1024.jpg 724w, https:\/\/www.rjtc.lv\/wp-content\/uploads\/2026\/03\/WEDO-ROBOTIKA-1-212x300.jpg 212w, https:\/\/www.rjtc.lv\/wp-content\/uploads\/2026\/03\/WEDO-ROBOTIKA-1-768x1086.jpg 768w, https:\/\/www.rjtc.lv\/wp-content\/uploads\/2026\/03\/WEDO-ROBOTIKA-1-1086x1536.jpg 1086w, https:\/\/www.rjtc.lv\/wp-content\/uploads\/2026\/03\/WEDO-ROBOTIKA-1-1448x2048.jpg 1448w, https:\/\/www.rjtc.lv\/wp-content\/uploads\/2026\/03\/WEDO-ROBOTIKA-1.jpg 1587w\" sizes=\"auto, (max-width: 724px) 100vw, 724px\" \/><\/a><\/figure>\n","protected":false},"excerpt":{"rendered":"<p>Skolot\u0101ja: Viktorija Pavlova LEGO WeDo robotikas nodarb\u012bb\u0101s m\u0113s b\u016bv\u0113jam da\u017e\u0101dus robotus (sac\u012bk\u0161u ma\u0161\u012bnas, spiegus, sumo c\u012bksto\u0146us, karuse\u013cus, zemestr\u012bces, dz\u012bvniekus u.c.) no lego kluc\u012b\u0161iem un veidojam tiem programmas uz datoriem, lai m\u016bsu roboti var braukt, iet, l\u0113kt, griezties un ar\u012b piedal\u012bties sacens\u012bb\u0101s un c\u012b\u0146\u0101s. Uz\u0146em dal\u012bbniekus no 6 &#8211; 9 gadiem Nodarb\u012bbas notiek Ernest\u012bnes iel\u0101 8a, [&hellip;]<\/p>\n","protected":false},"author":4,"featured_media":11768,"parent":4035,"menu_order":0,"comment_status":"closed","ping_status":"closed","template":"","meta":{"ngg_post_thumbnail":0,"footnotes":""},"class_list":["post-11763","page","type-page","status-publish","has-post-thumbnail","hentry"],"_links":{"self":[{"href":"https:\/\/www.rjtc.lv\/index.php?rest_route=\/wp\/v2\/pages\/11763","targetHints":{"allow":["GET"]}}],"collection":[{"href":"https:\/\/www.rjtc.lv\/index.php?rest_route=\/wp\/v2\/pages"}],"about":[{"href":"https:\/\/www.rjtc.lv\/index.php?rest_route=\/wp\/v2\/types\/page"}],"author":[{"embeddable":true,"href":"https:\/\/www.rjtc.lv\/index.php?rest_route=\/wp\/v2\/users\/4"}],"replies":[{"embeddable":true,"href":"https:\/\/www.rjtc.lv\/index.php?rest_route=%2Fwp%2Fv2%2Fcomments&post=11763"}],"version-history":[{"count":3,"href":"https:\/\/www.rjtc.lv\/index.php?rest_route=\/wp\/v2\/pages\/11763\/revisions"}],"predecessor-version":[{"id":11769,"href":"https:\/\/www.rjtc.lv\/index.php?rest_route=\/wp\/v2\/pages\/11763\/revisions\/11769"}],"up":[{"embeddable":true,"href":"https:\/\/www.rjtc.lv\/index.php?rest_route=\/wp\/v2\/pages\/4035"}],"wp:featuredmedia":[{"embeddable":true,"href":"https:\/\/www.rjtc.lv\/index.php?rest_route=\/wp\/v2\/media\/11768"}],"wp:attachment":[{"href":"https:\/\/www.rjtc.lv\/index.php?rest_route=%2Fwp%2Fv2%2Fmedia&parent=11763"}],"curies":[{"name":"wp","href":"https:\/\/api.w.org\/{rel}","templated":true}]}}